 when 58949 is divided by 786.
785
What is the remainder when 98546 is divided by 150?
146
Calculate the remainder when 13565 is divided by 174.
167
What is the remainder when 2039 is divided by 866?
307
What is the remainder when 1777 is divided by 14?
13
Calculate the remainder when 448196 is divided by 830.
826
Calculate the remainder when 600 is divided by 50.
0
Calculate the remainder when 4220 is divided by 1052.
12
What is the remainder when 438 is divided by 252?
186
What is the remainder when 293544 is divided by 1213?
1211
What is the remainder when 32064 is divided by 2914?
10
What is the remainder when 19134 is divided by 31?
7
What is the remainder when 4969 is divided by 4607?
362
What is the remainder when 120974 is divided by 120974?
0
What is the remainder when 26505 is divided by 340?
325
What is the remainder when 244734 is divided by 478?
476
Calculate the remainder when 1131 is divided by 373.
12
What is the remainder when 154861 is divided by 162?
151
What is the remainder when 9330 is divided by 259?
6
What is the remainder when 131037 is divided by 43624?
165
Calculate the remainder when 735216 is divided by 532.
524
Calculate the remainder when 2182973 is divided by 363828.
5
What is the remainder when 3457 is divided by 51?
40
Calculate the remainder when 13293 is divided by 1290.
393
Calculate the remainder when 43032 is divided by 7172.
0
What is the remainder when 868 is divided by 357?
154
What is the remainder when 1001 is divided by 353?
295
What is the remainder when 294249 is divided by 124?
121
Calculate the remainder when 799 is divided by 177.
91
What is the remainder when 1155548 is divided by 31?
23
What is the remainder when 1658715 is divided by 1273?
1269
Calculate the remainder when 13181 is divided by 19.
14
Calculate the remainder when 1161 is divided by 551.
59
What is the remainder when 588879 is divided by 136?
135
What is the remainder when 5023 is divided by 180?
163
Calculate the remainder when 723615 is divided by 103373.
4
What is the remainder when 7600 is divided by 241?
129
Calculate the remainder when 6397 is divided by 50.
47
What is the remainder when 7340 is divided by 6927?
413
Calculate the remainder when 404 is divided by 241.
163
Calculate the remainder when 166444 is divided by 714.
82
What is the remainder when 1541 is divided by 102?
11
Calculate the remainder when 65675 is divided by 1367.
59
Calculate the remainder when 2013 is divided by 54.
15
Calculate the remainder when 55 is divided by 24.
7
What is the remainder when 155211 is divided by 155119?
92
Calculate the remainder when 8042 is divided by 617.
21
Calculate the remainder when 56039 is divided by 153.
41
Calculate the remainder when 42925 is divided by 34.
17
What is the remainder when 34599 is divided by 869?
708
What is the remainder when 43678 is divided by 36?
10
What is the remainder when 842 is divided by 790?
52
Calculate the remainder when 15168 is divided by 275.
43
What is the remainder when 15895 is divided by 4767?
1594
What is the remainder when 27005 is divided by 26?
17
Calculate the remainder when 74898 is divided by 40.
18
Calculate the remainder when 23098 is divided by 642.
628
Calculate the remainder when 2306 is divided by 757.
35
What is the remainder when 206121 is divided by 64?
41
What is the remainder when 137292 is divided by 3432?
12
What is the remainder when 3088 is divided by 201?
73
What is the remainder when 206037 is divided by 15847?
26
What is the remainder when 830 is divided by 540?
290
Calculate the remainder when 202706 is divided by 6.
2
Calculate the remainder when 899 is divided by 19.
6
Calculate the remainder when 3554 is divided by 19.
1
What is the remainder when 388278 is divided by 29?
26
What is the remainder when 53212 is divided by 190?
12
Calculate the remainder when 34112 is divided by 46.
26
Calculate the remainder when 94675 is divided by 60.
55
What is the remainder when 2275409 is divided by 21?
17
Calculate the remainder when 86576 is divided by 130.
126
What is the remainder when 486625 is divided by 31?
18
Calculate the remainder when 119483 is divided by 4978.
11
Calculate the remainder when 8131 is divided by 2042.
2005
Calculate the remainder when 64940 is divided by 12.
8
Calculate the remainder when 133703 is divided by 235.
223
Calculate the remainder when 32 is divided by 30.
2
Calculate the remainder when 370 is divided by 268.
102
What is the remainder when 30913 is divided by 1065?
28
What is the remainder when 3888 is divided by 481?
40
What is the remainder when 495 is divided by 465?
30
Calculate the remainder when 1151 is divided by 33.
29
What is the remainder when 870268 is divided by 290082?
22
What is the remainder when 87653 is divided by 274?
247
Calculate the remainder when 25540 is divided by 40.
20
What is the remainder when 5344 is divided by 598?
560
What is the remainder when 19214 is divided by 1229?
779
What is the remainder when 6986 is divided by 163?
140
Calculate the remainder when 2286 is divided by 2251.
35
Calculate the remainder when 2945 is divided by 962.
59
Calculate the remainder when 5986 is divided by 100.
86
What is the remainder when 32548 is divided by 16266?
16
What is the remainder when 110213 is divided by 36732?
17
Calculate the remainder when 3453990 is divided by 218.
216
What is the remainder when 1878 is divided by 7?
2
What is the remainder when 12193776 is divided by 61?
59
What is the remainder when 41208 is divided by 9?
6
Calculate the remainder when 3352 is divided by 109.
82
What is the remainder when 36603 is divided by 35?
28
What is the remainder when 15341 is divided by 1179?
14
Calculate the remainder when 294707 is divided by 164.
163
Calculate the remainder when 6448 is divided by 2104.
136
Calculate the remainder when 7860 is divided by 232.
204
What is the remainder when 15939 is divided by 7951?
37
Calculate the remainder when 587 is divided by 89.
53
What is the remainder when 30161 is divided by 61?
27
Calculate the remainder when 29359 is divided by 17.
0
What is the remainder when 11491 is divided by 52?
51
Calculate the remainder when 1642 is divided by 827.
815
What is the remainder when 305264 is divided by 38158?
0
Calculate the remainder when 150124 is divided by 17.
14
What is the remainder when 612 is divided by 278?
56
What is the remainder when 1715 is divided by 1693?
22
Calculate the remainder when 1623 is divided by 115.
13
Calculate the remainder when 2759370 is divided by 34.
32
Calculate the remainder when 16464 is divided by 23.
19
Calculate the remainder when 8294 is divided by 920.
14
What is the remainder when 35935 is divided by 7186?
5
Calculate the remainder when 14017 is divided by 1947.
388
What is the remainder when 507281 is divided by 2225?
2206
What is the remainder when 38839 is divided by 4?
3
What is the remainder when 12902 is divided by 6343?
216
What is the remainder when 17760 is divided by 33?
6
What is the remainder when 797 is divided by 366?
65
What is the remainder when 94105 is divided by 15682?
13
Calculate the remainder when 2690 is divided by 242.
28
Calculate the remainder when 47428 is divided by 45.
43
Calculate the remainder when 1458 is divided by 494.
470
What is the remainder when 1564 is divided by 1548?
16
What is the remainder when 187 is divided by 42?
19
What is the remainder when 788597 is divided by 1158?
1157
Calculate the remainder when 57581 is divided by 42.
41
Calculate the remainder when 336 is divided by 334.
2
Calculate the remainder when 5070 is divided by 125.
70
What is the remainder when 214932 is divided by 339?
6
What is the remainder when 41970 is divided by 41948?
22
Calculate the remainder when 5615 is divided by 1867.
14
Calculate the remainder when 37335 is divided by 3110.
15
Calculate the remainder when 156452 is divided by 52150.
2
What is the remainder when 30452 is divided by 3038?
72
Calculate the remainder when 3476 is divided by 71.
68
What is the remainder when 13252 is divided by 154?
8
What is the remainder when 27897 is divided by 2323?
21
Calculate the remainder when 270588 is divided by 14.
10
What is the remainder when 136 is divided by 60?
16
Calculate the remainder when 2290965 is divi